958795
What is 18347236 (base 9) in base 10?
9243186
What is -c06cb4 (base 13) in base 16?
-443859
What is -1255543 (base 7) in base 10?
-165259
Convert 10100101000001100 (base 2) to base 3.
11021220100
Convert 131953 (base 12) to base 13.
acc98
-137515 (base 10) to base 6
-2540351
52060c (base 14) to base 16
2a3924
847006 (base 12) to base 8
7751506
What is 10010100101010011000100 (base 2) in base 6?
252224340
-132261 (base 10) to base 12
-64659
What is -a60c0 (base 14) in base 15?
-7db47
What is 4985 (base 13) in base 9?
15255
Convert -2500 (base 10) to base 12.
-1544
-1384 (base 9) to base 10
-1048
10022002022001 (base 3) to base 15
249827
What is -3ad2f4 (base 16) in base 12?
-135ab58
Convert 1000011001001000001 (base 2) to base 11.
178689
33522073 (base 8) to base 4
123222100323
What is -23131 (base 14) in base 3?
-11100000101
165501041 (base 7) to base 11
6471aa3
What is 2232c (base 13) in base 7?
345636
Convert -340241112 (base 5) to base 3.
-2210212101202
What is -11322320222 (base 4) in base 8?
-5727052
What is -1131772 (base 8) in base 10?
-308218
131000023122 (base 4) to base 2
11101000000001011011010
What is -1111001221121 (base 3) in base 10?
-788740
Convert -263407 (base 8) to base 3.
-11200002010
703252 (base 11) to base 16
114481
Convert -5027 (base 11) to base 10.
-6684
-1088325 (base 10) to base 13
-2c14a4
-74a783 (base 12) to base 7
-21444426
-120222001002 (base 3) to base 2
-1001100101101110100
Convert 211101022012 (base 3) to base 6.
13235305
Convert -5331465 (base 7) to base 2.
-10011101110100110111
What is -110011110110100011 (base 2) in base 4?
-303312203
Convert -3390471 (base 11) to base 15.
-7c2147
What is -14c08c (base 13) in base 16?
-7d011
What is -23166566 (base 7) in base 16?
-1f07bd
-535072 (base 9) to base 5
-40144023
-20131112301 (base 4) to base 9
-4148620
-748d20 (base 14) to base 13
-a80918
Convert 20130403 (base 5) to base 4.
213121021
What is 1124022441 (base 5) in base 16?
272019
-2010032001 (base 5) to base 16
-3cd445
What is -2235315 (base 8) in base 16?
-93acd
10202134302 (base 5) to base 8
50277226
Convert -705335 (base 9) to base 14.
-ac0c7
33656774 (base 8) to base 9
14653656
Convert 1bb20a8 (base 12) to base 16.
5add00
What is 3300624 (base 8) in base 4?
3120012110
-321c06 (base 15) to base 7
-26163453
-320233212 (base 5) to base 16
-14656a
Convert 5340a8 (base 13) to base 5.
444413244
What is 401341 (base 6) in base 3?
1121010221
Convert 252588 (base 9) to base 10.
152846
Convert -22b4268 (base 12) to base 11.
-386a632
-34525310 (base 6) to base 10
-1069098
Convert 9854 (base 12) to base 16.
4180
Convert ca820 (base 15) to base 5.
131034310
Convert -a1842 (base 11) to base 13.
-52929
What is 3330213203 (base 5) in base 10?
7272928
What is -a117 (base 16) in base 5?
-2304424
Convert 1241413424 (base 5) to base 10.
3076114
What is 25126665 (base 7) in base 5?
1034244324
What is 233046 (base 10) in base 13?
820c8
153d29 (base 16) to base 11
870846
Convert 104121320 (base 5) to base 2.
1101111101111101110
What is -82057 (base 9) in base 12?
-272ba
What is -63237 (base 14) in base 13?
-84b28
What is -14ccc5b (base 13) in base 14?
-c5d7c1
Convert -40225235 (base 7) to base 16.
-32e11b
Convert 8a759 (base 11) to base 9.
220153
Convert -1020301202 (base 5) to base 6.
-113225503
What is -1110100111111011101101 (base 2) in base 14?
-71b113
What is -968010 (base 11) in base 2?
-101111001111010111100
What is 4a30f (base 16) in base 9?
512762
What is -3320333 (base 6) in base 14?
-44705
-7756 (base 10) to base 16
-1e4c
What is 8b44 (base 16) in base 11?
24871
Convert 622604 (base 7) to base 14.
2ac04
Convert 2281053 (base 9) to base 6.
42242033
What is 1011110001010110111 (base 2) in base 4?
1132022313
Convert 1407640 (base 9) to base 14.
161b30
Convert -34305014 (base 7) to base 3.
-12122002010122
Convert -587807 (base 10) to base 16.
-8f81f
Convert 11043531 (base 6) to base 15.
6884d
52040444 (base 6) to base 2
101101101110011101100
Convert 6344081 (base 9) to base 4.
30330313102
22230011100 (base 4) to base 3
12021100121210
What is -1001000012021 (base 3) in base 16?
-86962
What is -6633a (base 11) in base 9?
-156011
What is -652532 (base 7) in base 4?
-123302021
11c9c0 (base 14) to base 10
611100
What is 2b682 (base 13) in base 14?
22065
Convert c9690 (base 15) to base 10.
639360
-101010111011010111 (base 2) to base 8
-527327
-116259 (base 14) to base 7
-5020242
What is -420230041 (base 5) in base 12?
-6b3440
Convert -5412b (base 14) to base 2.
-110001101000011011
What is -3206767 (base 8) in base 11?
-534867
What is -1111000011101011101100 (base 2) in base 7?
-45360000
-300a63 (base 13) to base 5
-241200100
Convert -41601522 (base 8) to base 2.
-100001110000001101010010
795a6 (base 13) to base 14
5a5cd
-30403552 (base 6) to base 7
-10260416
71024 (base 9) to base 12
2301a
-408263 (base 12) to base 2
-11110110011101101011
Convert 24424224 (base 7) to base 3.
11010022202120
What is 14d09d (base 16) in base 2?
101001101000010011101
Convert -2113151 (base 9) to base 13.
-307921
2512660 (base 8) to base 9
1266485
b588c (base 16) to base 5
142243224
What is -721484 (base 10) in base 7?
-6063311
-55c47 (base 14) to base 3
-101120121200
-2367547 (base 9) to base 4
-10321231102
25b427a (base 13) to base 16
b49089
Convert -19530 (base 16) to base 8.
-312460
Convert -3143112 (base 5) to base 4.
-30322223
What is -155343 (base 9) in base 14?
-26c97
606825 (base 9) to base 10
359339
What is -223101010 (base 4) in base 11?
-11116a
Convert -15026d8 (base 14) to base 6.
-1003100154
Convert -23221322323 (base 4) to base 10.
-3055291
What is 19148 (base 15) in base 2?
10011110110001101
Convert 1040803 (base 9) to base 12.
22b140
Convert -1012121011102 (base 3) to base 7.
-5311445
1319318 (base 10) to base 8
5020626
Convert -3112323422 (base 5) to base 12.
-217275b
Convert 3b1d3b (base 14) to base 9.
3751234
-308749 (base 10) to base 11
-1a0a71
Convert -2370243 (base 9) to base 4.
-10322000031
What is 1010000101101001 (base 2) in base 14?
110b7
1111020022 (base 3) to base 2
111001010010010
What is -205732 (base 9) in base 10?
-122339
Convert 232223012 (base 4) to base 15.
3b99e
353534 (base 8) to base 12
599b8
What is aa6895 (base 13) in base 16?
3d3c8c
Convert 31020020 (base 4) to base 16.
d208
-3194194 (base 10) to base 5
-1304203234
What is 220420335 (base 6) in base 3?
21102211101212
1010210002001 (base 3) to base 11
384207
1000010011001000110 (base 2) to base 16
42646
What is -133483 (base 10) in base 4?
-200211223
-11220122222 (base 3) to base 11
-66731
What is -1a3803 (base 12) in base 11?
-296563
296aa93 (base 11) to base 4
103123322021
What is 116654512 (base 7) in base 5?
3344034321
-135700a (base 11) to base 15
-3127b6
Convert 311434 (base 6) to base 10.
25006
What is 131214433 (base 5) in base 13?
199003
-2450221 (base 6) to base 11
-8a454
What is 201000341 (base 6) in base 9?
6361157
What is -40305541 (base 7) in base 14?
-631858
-576071 (base 10) to base 14
-10dd1d
What is 26324134 (base 9) in base 8?
61310651
What is -a33c9b (base 16) in base 9?
-22114656
Convert 437bc (base 16) to base 11.
179744
What is -75824 (base 9) in base 4?
-30101002
254422103 (base 6) to base 16
4bfbf7
233213003 (base 4) to base 14
510d5
Convert -1299586 (base 10) to base 11.
-808442
-12110100001120 (base 3) to base 12
-b7a2b0
Convert 2221022010002 (base 3) to base 14.
2c8b8c
Convert 29493 (base 11) to base 5.
2314342
What is 223230301102 (base 4) in base 6?
1045311014
Convert 2e3398 (base 15) to base 2.
1000100010011111101011
Convert 5619 (base 10) to base 6.
42003
What is 33011103121 (base 4) in base 12?
13a8161
4114525 (base 7) to base 9
828114
191222 (base 11) to base 14
7941b
Convert -2514432 (base 7) to base 13.
-b4222
Convert -134151223 (base 6) to base 16.
-29835f
What is -11120011000221 (base 3) in base 2?
-1001001111110010001110
What is 3579059 (base 11) in base 12?
2107ab0
b22 (base 13) to base 4
131133
What is -101100101100111 (base 2) in base 6?
-253543
What is -5b957a (base 16) in base 8?
-26712572
What is 279046 (base 10) in base 14?
7399c
Convert -5129a2 (base 12) to base 2.
-100110110000000001010
Convert -434015 (base 7) to base 15.
-176e5
Convert -27751a (base 11) to base 15.
-88b3c
Convert -1300af (base 16) 